 -s**4/4 + 2*s**3 - 5*s**2/2 + 3*s - 1. Let k be h(4). What is the greatest common factor of k and m?
15
Suppose -6*p = -11*p + 90. What is the highest common factor of 9 and p?
9
Let c(k) = k + 3. Let o = 4 - 7. Let a be c(o). Suppose w - 3*w + 34 = a. Calculate the highest common divisor of w and 68.
17
Let i = -1 - -4. Suppose -i*f = -0*f - 3*v - 258, 4*v = -2*f + 196. Suppose 2*k + 0*k = f. Calculate the highest common divisor of k and 5.
5
Let h be (-2)/3 - 3/9. Let q = h - -8. Let m be 3*(q/3 - 2). Calculate the greatest common factor of m and 2.
1
Let g be (2 - 5)/(3/4). Let d be 6*g/(-16)*12. Let t(h) = -28*h**3 + 2*h + 1. Let o be t(-1). Calculate the highest common divisor of d and o.
9
Let x be 1/(2 + (-5)/3). What is the greatest common factor of x and 21?
3
Let v be (-1656)/(-33) + (-10)/55. Suppose 4*o - 38 - v = 0. What is the highest common divisor of o and 88?
22
Suppose 4*p - 54 = 4*k + 238, 0 = -4*p - 5*k + 247. Let j(o) = o**2 + 1. Let y be j(-4). What is the greatest common factor of y and p?
17
Let q = 62 + -55. Calculate the highest common factor of q and 56.
7
Let g(b) = -b + 12. Let z be g(0). Let v = -21 + 39. What is the highest common factor of z and v?
6
Suppose -4 = -2*o, 0 = -k - o - 2*o + 13. Let a be (-1)/((-1)/(-1))*-29. Suppose 2*r - 127 = -a. What is the highest common factor of r and k?
7
Let z be 68/7 - (-6)/21. Calculate the highest common factor of z and 50.
10
Let w(z) = -66*z**3 - 2*z**2 + z + 2. Let d be w(-1). Calculate the highest common factor of 26 and d.
13
Let f = -3 + 8. Suppose -4*h + f*d + 50 = 0, -h + 48 = 3*h - 4*d. What is the highest common divisor of 70 and h?
10
Suppose -10*s = -9*s - 12. What is the highest common divisor of s and 132?
12
Let h(f) = 7*f**2 - 3*f - 4. Let j be h(3). Let c be 1/2 - j/(-4). Let s = c - -1. What is the greatest common divisor of 28 and s?
14
Let p be 66*(9/6 + -1). What is the highest common factor of p and 11?
11
Suppose -6*x + 46 + 134 = 0. What is the greatest common factor of x and 105?
15
Let z = 4 + 5. Suppose 4*v + 28 = 4*x - 0*x, 4*v + 20 = 0. Suppose 3*s = -x*s + 405. Calculate the highest common factor of s and z.
9
Let d(x) = x + 17. Let f be d(0). Suppose 5*l - 59 - 111 = 0. Calculate the greatest common factor of f and l.
17
Let i = -84 - -154. Suppose 0 = -r + 3*r - 4, 3*r = -2*x + 34. What is the greatest common factor of i and x?
14
Let n be (-1 - 6/(-4))*0. Suppose -o = -24 - n. Let s = o - 10. What is the greatest common factor of 84 and s?
14
Let q = -13 - -26. Suppose -5*m = -5*l - 690, -2*l + 3*l = -5*m + 720. Calculate the greatest common divisor of q and m.
13
Suppose 3*m = -2*m + 15. Let t be 1 + 4 + (-6)/3. Calculate the greatest common factor of t and m.
3
Let r(l) = -l**3 + 10*l**2 + 3*l - 2. Let t = -3 + 13. Let s be r(t). Calculate the greatest common factor of 4 and s.
4
Let n = 33 - 23. What is the highest common divisor of 15 and n?
5
Let l(u) = 2*u + 11. Let h be l(-8). Let w be (-151)/h - (-3)/(-15). Suppose -3*k = 2*k - w. Calculate the greatest common factor of k and 12.
6
Suppose t - 36 = -5*z, 3*t - 2*z - 1 = 2*t. Let m = t - -5. Let i = -9 + m. What is the greatest common divisor of 63 and i?
7
Suppose 4*y + 8 = 2*w, -3*w + 12 = y - 21. Let n be 1 - (2 + -109 + -2). Let m = 180 - n. Calculate the greatest common divisor of m and w.
10
Let t be 1 - 3 - (-9 - -3). Suppose 2*u = -3*z + 14, 4*z - 8 = z + t*u. Suppose 5 = -z*m + 45. What is the highest common factor of m and 50?
10
Suppose 0 = -2*k + 3*r + 120, r = 3*k - 162 - 18. What is the greatest common factor of 12 and k?
12
Let a(m) be the first derivative of -m**4 + m**3/3 + 3. Let l be a(-1). What is the highest common divisor of l and 35?
5
Let m(p) = -p**2 - 5*p - 7. Let z be m(-5). Let y(d) = d**2 - 11 + 4 - 2 + d + 3*d. Let u be y(z). What is the highest common divisor of 3 and u?
3
Let a be ((-515)/2)/((-8)/16). Suppose -131 = 4*y - a. What is the highest common factor of 12 and y?
12
Let n(k) = -k**3 + 15*k**2 - 8*k - 4. Let i be n(14). Suppose 0 = -3*y + 2*x + i - 13, -4*y - x = -82. What is the greatest common divisor of 7 and y?
7
Suppose 2*k = 3*k - 4. Suppose 2*w - 5*x - 21 = 0, -8*w = -3*w - x - 18. Suppose 0 = -2*q - w*q + 50. Calculate the highest common factor of k and q.
2
Let p = 28 - 55. Let g = 38 + p. What is the highest common divisor of g and 33?
11
Let p(c) = c**2 + 2*c - 27. Let n be p(0). Let l = 32 + n. Calculate the highest common factor of 2 and l.
1
Let a be 1/(1/(-6)*-2). What is the highest common factor of a and 3?
3
Let q(g) = 8*g - 22. Let r be q(4). Calculate the highest common divisor of 45 and r.
5
Let v = 80 + -56. Calculate the highest common factor of v and 120.
24
Suppose -4*g - 88 = 5*u, 2*u - 5*g + 77 = 22. Let z be ((-8)/(-10))/(4/u). Let b = 9 + z. Calculate the greatest common divisor of b and 20.
5
Suppose 0*p + 14 = 3*n - p, 3*p + 12 = 3*n. What is the greatest common factor of 10 and n?
5
Let f be (-2*2/(-4))/1. Let v be (24/(-7))/(f/(-7)). Calculate the highest common factor of v and 36.
12
Suppose 5*k + 5 + 10 = 0, 2*k = y - 12. What is the highest common factor of 21 and y?
3
Let j be (2 + -7)*((-6)/(-2) - 5). What is the greatest common divisor of j and 30?
10
Suppose -3*d + 15 = 2*d. Suppose -d*a - 32 = -v, -v + a - 2*a = -24. What is the greatest common divisor of 39 and v?
13
Let t be (-26)/(-6) - 2/(-3). Let b(c) = 4*c + 3 + t*c**2 + c + 0*c**2. Let z be b(-4). Calculate the highest common divisor of z and 7.
7
Let q be ((-5)/(-10))/(2/132). Let x(c) = c**3 + 9*c**2 - c + 2. Let d be x(-9). What is the greatest common divisor of q and d?
11
Suppose 3*k - 88 - 68 = -5*g, -2*g = 3*k - 57. Suppose -3*i - i - g = -5*o, -o = 2*i - 1. Calculate the greatest common factor of o and 35.
5
Let o be (2/(-4))/((-1)/10). Let i be (16 + 0)*o/2. Let w(l) = l - 2. Let v be w(12). Calculate the greatest common divisor of v and i.
10
Let g be (-9)/(9/(-10)) + -1. Let b(p) = p**2 - 8*p - 8. Let i be b(g). Calculate the highest common divisor of i and 11.
1
Suppose 54 = b + 2*b. What is the highest common divisor of 126 and b?
18
Let g(f) = -3*f + 14. Let k be g(-18). Calculate the highest common divisor of k and 17.
17
Suppose 2*h - 26 = z, z - 2*z + 40 = 4*h. What is the highest common divisor of h and 88?
11
Suppose -2*m = 2*m - 84. Let s be 40/80 - 209/(-2). Calculate the greatest common divisor of m and s.
21
Suppose -2*f + 2 = -6. Suppose -f*w + 5 = -3. Suppose -w*o + 35 = -o. What is the highest common factor of o and 5?
5
Suppose -10*x = -5*x. Suppose -2*t = 3*w - 236, x = -5*w - 0 + 20. What is the highest common factor of t and 14?
14
Let q(s) = 6*s**2 - 4. Let t be q(2). What is the highest common factor of t and 220?
20
Suppose 0*a - 5*a + 15 = y, -a + 3 = -5*y. Suppose 0 = 2*f + 4*z - 92, f + a*z - 26 = 15. Let g = -20 + 34. What is the highest common factor of f and g?
14
Suppose -4*u = -0*j + 3*j + 3, 3*u - 6 = -5*j. Let q be 10/15 - (-4)/j. Suppose q*d = 3*d - 121. Calculate the highest common factor of 11 and d.
11
Let h(s) = s + 2. Let z be h(-3). Let a be (z*2)/((-1)/14). Let j(x) = 3*x**2 - 6*x - 2. Let q be j(6). Calculate the greatest common divisor of q and a.
14
Let t = 31 - 22. What is the greatest common factor of 81 and t?
9
Suppose 0 = 3*o - 4*o - 2*n + 13, 0 = o - 2*n + 7. Suppose -15 - 9 = -o*j. Let r be (-60)/j*(-4)/3. What is the greatest common divisor of 2 and r?
2
Suppose 5*t + 3 - 33 = 0. Suppose -258 = -4*l + 3*q, -8*l = -13*l + 2*q + 326. What is the greatest common divisor of t and l?
6
Suppose 4*q - 4 = 4. Calculate the highest common divisor of 22 and q.
2
Suppose o - 2*o + 1 = 0. Let w be (26 + -28)*(-7)/2. Calculate the highest common factor of o and w.
1
Let o = 62 - 61. What is the highest common divisor of 9 and o?
1
Let g = -13 - -29. What is the highest common divisor of 40 and g?
8
Let w = -54 + 69. What is the greatest common factor of w and 105?
15
Let u(x) = 2*x + 24. Let p be u(0). What is the highest common factor of p and 72?
24
Suppose 2*c + 20 = 3*c. Suppose 2*l - c = l. Calculate the highest common divisor of l and 180.
20
Suppose 218 = 14*s - 272. What is the greatest common factor of 105 and s?
35
Let k(q) be the first derivative of 1/2*q**2 + 1 - 1/3*q**3 + 2*q -